{"id":953,"date":"2024-03-19T01:25:56","date_gmt":"2024-03-19T01:25:56","guid":{"rendered":"https:\/\/furkangunes.com.tr\/blog\/calismalarim-3"},"modified":"2024-03-27T11:52:50","modified_gmt":"2024-03-27T11:52:50","slug":"calismalarim","status":"publish","type":"page","link":"https:\/\/furkangunes.com.tr\/blog\/calismalarim","title":{"rendered":"\u00c7al\u0131\u015fmalar\u0131m"},"content":{"rendered":"\t\t<div data-elementor-type=\"wp-page\" data-elementor-id=\"953\" class=\"elementor elementor-953\" data-elementor-post-type=\"page\">\n\t\t\t\t<div class=\"elementor-element elementor-element-20528be9 e-flex e-con-boxed e-con e-parent\" data-id=\"20528be9\" data-element_type=\"container\" data-e-type=\"container\">\n\t\t\t\t\t<div class=\"e-con-inner\">\n\t\t\t\t<div class=\"elementor-element elementor-element-539a6d48 elementor-widget elementor-widget-heading\" data-id=\"539a6d48\" data-element_type=\"widget\" data-e-type=\"widget\" data-widget_type=\"heading.default\">\n\t\t\t\t<div class=\"elementor-widget-container\">\n\t\t\t\t\t<h1 class=\"elementor-heading-title elementor-size-default\">\u00c7ALI\u015eMALARIM<\/h1>\t\t\t\t<\/div>\n\t\t\t\t<\/div>\n\t\t\t\t\t<\/div>\n\t\t\t\t<\/div>\n\t\t<div class=\"elementor-element elementor-element-7ee2d365 e-flex e-con-boxed e-con e-parent\" data-id=\"7ee2d365\" data-element_type=\"container\" data-e-type=\"container\" data-settings=\"{&quot;background_background&quot;:&quot;classic&quot;}\">\n\t\t\t\t\t<div class=\"e-con-inner\">\n\t\t<div class=\"elementor-element elementor-element-7b07d97f e-con-full e-flex e-con e-child\" data-id=\"7b07d97f\" data-element_type=\"container\" data-e-type=\"container\">\n\t\t\t\t<div class=\"elementor-element elementor-element-5e3d8f3d elementor-widget elementor-widget-html\" data-id=\"5e3d8f3d\" data-element_type=\"widget\" data-e-type=\"widget\" data-widget_type=\"html.default\">\n\t\t\t\t<div class=\"elementor-widget-container\">\n\t\t\t\t\t<a href=\"https:\/\/furkangunes.com.tr\/blog\/bireysel-calismalarim\/webmaster-calismalarim\"><div class='kutu-calismalarim'>\r\n  <div class='dalga-webmaster-calismalarim -one'><\/div>\r\n  <div class='dalga-webmaster-calismalarim -two'><\/div>\r\n  <div class='dalga-webmaster-calismalarim -three'><\/div>\r\n  <div class='baslik-calismalarim'>WEBMASTER \u00c7ALI\u015eMALARIM<\/div>\r\n<\/div><\/a>\t\t\t\t<\/div>\n\t\t\t\t<\/div>\n\t\t\t\t<\/div>\n\t\t<div class=\"elementor-element elementor-element-73139078 e-con-full e-flex e-con e-child\" data-id=\"73139078\" data-element_type=\"container\" data-e-type=\"container\">\n\t\t\t\t<div class=\"elementor-element elementor-element-6467ea59 elementor-widget elementor-widget-html\" data-id=\"6467ea59\" data-element_type=\"widget\" data-e-type=\"widget\" data-widget_type=\"html.default\">\n\t\t\t\t<div class=\"elementor-widget-container\">\n\t\t\t\t\t<a href=\"https:\/\/furkangunes.com.tr\/blog\/bireysel-calismalarim\/grafik-calismalarim\"><div class='kutu-calismalarim'>\r\n  <div class='dalga-grafik-calismalarim -one'><\/div>\r\n  <div class='dalga-grafik-calismalarim -two'><\/div>\r\n  <div class='dalga-grafik-calismalarim -three'><\/div>\r\n  <div class='baslik-calismalarim'>GRAF\u0130K \u00c7ALI\u015eMALARIM<\/div>\r\n<\/div><\/a>\t\t\t\t<\/div>\n\t\t\t\t<\/div>\n\t\t\t\t<\/div>\n\t\t<div class=\"elementor-element elementor-element-431612cf e-con-full e-flex e-con e-child\" data-id=\"431612cf\" data-element_type=\"container\" data-e-type=\"container\">\n\t\t\t\t<div class=\"elementor-element elementor-element-5b5f853c elementor-widget elementor-widget-html\" data-id=\"5b5f853c\" data-element_type=\"widget\" data-e-type=\"widget\" data-widget_type=\"html.default\">\n\t\t\t\t<div class=\"elementor-widget-container\">\n\t\t\t\t\t<a href=\"https:\/\/furkangunes.com.tr\/blog\/bireysel-calismalarim\/video-calismalarim\"><div class='kutu-calismalarim'>\r\n  <div class='dalga-video-calismalarim -one'><\/div>\r\n  <div class='dalga-video-calismalarim -two'><\/div>\r\n  <div class='dalga-video-calismalarim -three'><\/div>\r\n  <div class='baslik-calismalarim'>V\u0130DEO \u00c7ALI\u015eMALARIM<\/div>\r\n<\/div><\/a>\t\t\t\t<\/div>\n\t\t\t\t<\/div>\n\t\t\t\t<\/div>\n\t\t\t\t\t<\/div>\n\t\t\t\t<\/div>\n\t\t<div class=\"elementor-element elementor-element-55875665 e-flex e-con-boxed e-con e-parent\" data-id=\"55875665\" data-element_type=\"container\" data-e-type=\"container\" data-settings=\"{&quot;background_background&quot;:&quot;classic&quot;}\">\n\t\t\t\t\t<div class=\"e-con-inner\">\n\t\t<div class=\"elementor-element elementor-element-2727284 e-flex e-con-boxed e-con e-child\" data-id=\"2727284\" data-element_type=\"container\" data-e-type=\"container\">\n\t\t\t\t\t<div class=\"e-con-inner\">\n\t\t\t\t<div class=\"elementor-element elementor-element-57a833a6 elementor-widget elementor-widget-heading\" data-id=\"57a833a6\" data-element_type=\"widget\" data-e-type=\"widget\" data-widget_type=\"heading.default\">\n\t\t\t\t<div class=\"elementor-widget-container\">\n\t\t\t\t\t<h1 class=\"elementor-heading-title elementor-size-default\">BLOG'DAN SON \u00c7ALI\u015eMALARIM<\/h1>\t\t\t\t<\/div>\n\t\t\t\t<\/div>\n\t\t\t\t\t<\/div>\n\t\t\t\t<\/div>\n\t\t<div class=\"elementor-element elementor-element-72b9d471 e-flex e-con-boxed e-con e-child\" data-id=\"72b9d471\" data-element_type=\"container\" data-e-type=\"container\" data-settings=\"{&quot;background_background&quot;:&quot;classic&quot;}\">\n\t\t\t\t\t<div class=\"e-con-inner\">\n\t\t\t\t<div class=\"elementor-element elementor-element-cb31627 elementor-grid-3 elementor-grid-tablet-2 elementor-grid-mobile-1 elementor-posts--thumbnail-top elementor-widget elementor-widget-posts\" data-id=\"cb31627\" data-element_type=\"widget\" data-e-type=\"widget\" data-settings=\"{&quot;pagination_type&quot;:&quot;load_more_infinite_scroll&quot;,&quot;classic_columns&quot;:&quot;3&quot;,&quot;classic_columns_tablet&quot;:&quot;2&quot;,&quot;classic_columns_mobile&quot;:&quot;1&quot;,&quot;classic_row_gap&quot;:{&quot;unit&quot;:&quot;px&quot;,&quot;size&quot;:35,&quot;sizes&quot;:[]},&quot;classic_row_gap_tablet&quot;:{&quot;unit&quot;:&quot;px&quot;,&quot;size&quot;:&quot;&quot;,&quot;sizes&quot;:[]},&quot;classic_row_gap_mobile&quot;:{&quot;unit&quot;:&quot;px&quot;,&quot;size&quot;:&quot;&quot;,&quot;sizes&quot;:[]},&quot;load_more_spinner&quot;:{&quot;value&quot;:&quot;fas fa-spinner&quot;,&quot;library&quot;:&quot;fa-solid&quot;}}\" data-widget_type=\"posts.classic\">\n\t\t\t\t<div class=\"elementor-widget-container\">\n\t\t\t\t\t\t\t<div class=\"elementor-posts-container elementor-posts elementor-posts--skin-classic elementor-grid\">\n\t\t\t\t<article class=\"elementor-post elementor-grid-item post-1139 post type-post status-publish format-standard has-post-thumbnail hentry category-webmaster-calismalarim category-bireysel-calismalarim\">\n\t\t\t\t<a class=\"elementor-post__thumbnail__link\" href=\"https:\/\/furkangunes.com.tr\/blog\/nasilbiryer-com-tr-yayinda-1139\" tabindex=\"-1\" >\n\t\t\t<div class=\"elementor-post__thumbnail\"><img fetchpriority=\"high\" decoding=\"async\" width=\"300\" height=\"300\" src=\"https:\/\/furkangunes.com.tr\/blog\/wp-content\/uploads\/2024\/05\/logo-soru-isareti-mavi-arkaplan-300x300.jpg\" class=\"attachment-medium size-medium wp-image-1147\" alt=\"logo-soru-isareti-mavi-arkaplan\" title=\"\" srcset=\"https:\/\/furkangunes.com.tr\/blog\/wp-content\/uploads\/2024\/05\/logo-soru-isareti-mavi-arkaplan-300x300.jpg 300w, https:\/\/furkangunes.com.tr\/blog\/wp-content\/uploads\/2024\/05\/logo-soru-isareti-mavi-arkaplan-150x150.jpg 150w, https:\/\/furkangunes.com.tr\/blog\/wp-content\/uploads\/2024\/05\/logo-soru-isareti-mavi-arkaplan.jpg 512w\" sizes=\"(max-width: 300px) 100vw, 300px\" \/><\/div>\n\t\t<\/a>\n\t\t\t\t<div class=\"elementor-post__text\">\n\t\t\t\t<h3 class=\"elementor-post__title\">\n\t\t\t<a href=\"https:\/\/furkangunes.com.tr\/blog\/nasilbiryer-com-tr-yayinda-1139\" >\n\t\t\t\tG\u00f6\u00e7eceklerin Yeni Favorisi: NasilBirYer.com.tr Yay\u0131nda!\t\t\t<\/a>\n\t\t<\/h3>\n\t\t\t\t<div class=\"elementor-post__meta-data\">\n\t\t\t\t\t<span class=\"elementor-post-date\">\n\t\t\t13 May\u0131s 2024, Pazartesi\t\t<\/span>\n\t\t\t\t<span class=\"elementor-post-avatar\">\n\t\t\tYorum yap\u0131lmam\u0131\u015f\t\t<\/span>\n\t\t\t\t<\/div>\n\t\t\t\t<\/div>\n\t\t\t\t<\/article>\n\t\t\t\t<article class=\"elementor-post elementor-grid-item post-922 post type-post status-publish format-standard has-post-thumbnail hentry category-webmaster-calismalarim category-bireysel-calismalarim\">\n\t\t\t\t<a class=\"elementor-post__thumbnail__link\" href=\"https:\/\/furkangunes.com.tr\/blog\/sakarya-akulu-araba-dunyasi-yayinda-922\" tabindex=\"-1\" >\n\t\t\t<div class=\"elementor-post__thumbnail\"><img decoding=\"async\" width=\"300\" height=\"224\" src=\"https:\/\/furkangunes.com.tr\/blog\/wp-content\/uploads\/2024\/03\/akuluarabadunyasi.com_-300x224.jpg\" class=\"attachment-medium size-medium wp-image-893\" alt=\"akuluarabadunyasi.com\" title=\"\" srcset=\"https:\/\/furkangunes.com.tr\/blog\/wp-content\/uploads\/2024\/03\/akuluarabadunyasi.com_-300x224.jpg 300w, https:\/\/furkangunes.com.tr\/blog\/wp-content\/uploads\/2024\/03\/akuluarabadunyasi.com_-768x573.jpg 768w, https:\/\/furkangunes.com.tr\/blog\/wp-content\/uploads\/2024\/03\/akuluarabadunyasi.com_-850x635.jpg 850w, https:\/\/furkangunes.com.tr\/blog\/wp-content\/uploads\/2024\/03\/akuluarabadunyasi.com_.jpg 1018w\" sizes=\"(max-width: 300px) 100vw, 300px\" \/><\/div>\n\t\t<\/a>\n\t\t\t\t<div class=\"elementor-post__text\">\n\t\t\t\t<h3 class=\"elementor-post__title\">\n\t\t\t<a href=\"https:\/\/furkangunes.com.tr\/blog\/sakarya-akulu-araba-dunyasi-yayinda-922\" >\n\t\t\t\tSakarya\u2019ya Hay\u0131rl\u0131 Olsun: AkuluArabaDunyasi.com Yay\u0131nda!\t\t\t<\/a>\n\t\t<\/h3>\n\t\t\t\t<div class=\"elementor-post__meta-data\">\n\t\t\t\t\t<span class=\"elementor-post-date\">\n\t\t\t3 Mart 2024, Pazar\t\t<\/span>\n\t\t\t\t<span class=\"elementor-post-avatar\">\n\t\t\tYorum yap\u0131lmam\u0131\u015f\t\t<\/span>\n\t\t\t\t<\/div>\n\t\t\t\t<\/div>\n\t\t\t\t<\/article>\n\t\t\t\t<article class=\"elementor-post elementor-grid-item post-575 post type-post status-publish format-video has-post-thumbnail hentry category-bireysel-calismalarim category-gezi-tur category-one-cikanlar category-video-calismalarim post_format-post-format-video\">\n\t\t\t\t<a class=\"elementor-post__thumbnail__link\" href=\"https:\/\/furkangunes.com.tr\/blog\/sapanca-naturkoy-bisiklet-turu-575\" tabindex=\"-1\" >\n\t\t\t<div class=\"elementor-post__thumbnail\"><img decoding=\"async\" width=\"300\" height=\"169\" src=\"https:\/\/furkangunes.com.tr\/blog\/wp-content\/uploads\/2022\/08\/sapanca-naturkoy-bisiklet-turu-300x169.jpg\" class=\"attachment-medium size-medium wp-image-581\" alt=\"sapanca-naturkoy-bisiklet-turu\" title=\"\" srcset=\"https:\/\/furkangunes.com.tr\/blog\/wp-content\/uploads\/2022\/08\/sapanca-naturkoy-bisiklet-turu-300x169.jpg 300w, https:\/\/furkangunes.com.tr\/blog\/wp-content\/uploads\/2022\/08\/sapanca-naturkoy-bisiklet-turu-1024x576.jpg 1024w, https:\/\/furkangunes.com.tr\/blog\/wp-content\/uploads\/2022\/08\/sapanca-naturkoy-bisiklet-turu-768x432.jpg 768w, https:\/\/furkangunes.com.tr\/blog\/wp-content\/uploads\/2022\/08\/sapanca-naturkoy-bisiklet-turu-1536x864.jpg 1536w, https:\/\/furkangunes.com.tr\/blog\/wp-content\/uploads\/2022\/08\/sapanca-naturkoy-bisiklet-turu-850x478.jpg 850w, https:\/\/furkangunes.com.tr\/blog\/wp-content\/uploads\/2022\/08\/sapanca-naturkoy-bisiklet-turu.jpg 1920w\" sizes=\"(max-width: 300px) 100vw, 300px\" \/><\/div>\n\t\t<\/a>\n\t\t\t\t<div class=\"elementor-post__text\">\n\t\t\t\t<h3 class=\"elementor-post__title\">\n\t\t\t<a href=\"https:\/\/furkangunes.com.tr\/blog\/sapanca-naturkoy-bisiklet-turu-575\" >\n\t\t\t\tSapanca Nat\u00fcrk\u00f6y Bisiklet Turu\t\t\t<\/a>\n\t\t<\/h3>\n\t\t\t\t<div class=\"elementor-post__meta-data\">\n\t\t\t\t\t<span class=\"elementor-post-date\">\n\t\t\t10 A\u011fustos 2022, \u00c7ar\u015famba\t\t<\/span>\n\t\t\t\t<span class=\"elementor-post-avatar\">\n\t\t\tYorum yap\u0131lmam\u0131\u015f\t\t<\/span>\n\t\t\t\t<\/div>\n\t\t\t\t<\/div>\n\t\t\t\t<\/article>\n\t\t\t\t<article class=\"elementor-post elementor-grid-item post-565 post type-post status-publish format-gallery has-post-thumbnail hentry category-bireysel-calismalarim category-cekimlerim category-grafik-calismalarim post_format-post-format-gallery\">\n\t\t\t\t<a class=\"elementor-post__thumbnail__link\" href=\"https:\/\/furkangunes.com.tr\/blog\/mobil-fotografcilik-2-hayvan-cekimlerimiz-565\" tabindex=\"-1\" >\n\t\t\t<div class=\"elementor-post__thumbnail\"><img loading=\"lazy\" decoding=\"async\" width=\"300\" height=\"169\" src=\"https:\/\/furkangunes.com.tr\/blog\/wp-content\/uploads\/2022\/08\/mobil-fotografcilik-2-300x169.jpg\" class=\"attachment-medium size-medium wp-image-573\" alt=\"mobil-fotografcilik-2\" title=\"\" srcset=\"https:\/\/furkangunes.com.tr\/blog\/wp-content\/uploads\/2022\/08\/mobil-fotografcilik-2-300x169.jpg 300w, https:\/\/furkangunes.com.tr\/blog\/wp-content\/uploads\/2022\/08\/mobil-fotografcilik-2-1024x576.jpg 1024w, https:\/\/furkangunes.com.tr\/blog\/wp-content\/uploads\/2022\/08\/mobil-fotografcilik-2-768x432.jpg 768w, https:\/\/furkangunes.com.tr\/blog\/wp-content\/uploads\/2022\/08\/mobil-fotografcilik-2-1536x864.jpg 1536w, https:\/\/furkangunes.com.tr\/blog\/wp-content\/uploads\/2022\/08\/mobil-fotografcilik-2-850x478.jpg 850w, https:\/\/furkangunes.com.tr\/blog\/wp-content\/uploads\/2022\/08\/mobil-fotografcilik-2.jpg 1920w\" sizes=\"(max-width: 300px) 100vw, 300px\" \/><\/div>\n\t\t<\/a>\n\t\t\t\t<div class=\"elementor-post__text\">\n\t\t\t\t<h3 class=\"elementor-post__title\">\n\t\t\t<a href=\"https:\/\/furkangunes.com.tr\/blog\/mobil-fotografcilik-2-hayvan-cekimlerimiz-565\" >\n\t\t\t\tMobil Foto\u011fraf\u00e7\u0131l\u0131k #2 | Hayvan \u00c7ekimlerimiz\t\t\t<\/a>\n\t\t<\/h3>\n\t\t\t\t<div class=\"elementor-post__meta-data\">\n\t\t\t\t\t<span class=\"elementor-post-date\">\n\t\t\t6 A\u011fustos 2022, Cumartesi\t\t<\/span>\n\t\t\t\t<span class=\"elementor-post-avatar\">\n\t\t\tYorum yap\u0131lmam\u0131\u015f\t\t<\/span>\n\t\t\t\t<\/div>\n\t\t\t\t<\/div>\n\t\t\t\t<\/article>\n\t\t\t\t<article class=\"elementor-post elementor-grid-item post-554 post type-post status-publish format-gallery has-post-thumbnail hentry category-bireysel-calismalarim category-cekimlerim category-grafik-calismalarim category-one-cikanlar post_format-post-format-gallery\">\n\t\t\t\t<a class=\"elementor-post__thumbnail__link\" href=\"https:\/\/furkangunes.com.tr\/blog\/mobil-fotografcilik-1-cicek-cekimlerim-554\" tabindex=\"-1\" >\n\t\t\t<div class=\"elementor-post__thumbnail\"><img loading=\"lazy\" decoding=\"async\" width=\"300\" height=\"169\" src=\"https:\/\/furkangunes.com.tr\/blog\/wp-content\/uploads\/2022\/08\/mobil-fotografcilik-1-300x169.jpg\" class=\"attachment-medium size-medium wp-image-563\" alt=\"mobil-fotografcilik-1\" title=\"\" srcset=\"https:\/\/furkangunes.com.tr\/blog\/wp-content\/uploads\/2022\/08\/mobil-fotografcilik-1-300x169.jpg 300w, https:\/\/furkangunes.com.tr\/blog\/wp-content\/uploads\/2022\/08\/mobil-fotografcilik-1-1024x576.jpg 1024w, https:\/\/furkangunes.com.tr\/blog\/wp-content\/uploads\/2022\/08\/mobil-fotografcilik-1-768x432.jpg 768w, https:\/\/furkangunes.com.tr\/blog\/wp-content\/uploads\/2022\/08\/mobil-fotografcilik-1-1536x864.jpg 1536w, https:\/\/furkangunes.com.tr\/blog\/wp-content\/uploads\/2022\/08\/mobil-fotografcilik-1-850x478.jpg 850w, https:\/\/furkangunes.com.tr\/blog\/wp-content\/uploads\/2022\/08\/mobil-fotografcilik-1.jpg 1920w\" sizes=\"(max-width: 300px) 100vw, 300px\" \/><\/div>\n\t\t<\/a>\n\t\t\t\t<div class=\"elementor-post__text\">\n\t\t\t\t<h3 class=\"elementor-post__title\">\n\t\t\t<a href=\"https:\/\/furkangunes.com.tr\/blog\/mobil-fotografcilik-1-cicek-cekimlerim-554\" >\n\t\t\t\tMobil Foto\u011fraf\u00e7\u0131l\u0131k #1 | \u00c7i\u00e7ek \u00c7ekimlerim\t\t\t<\/a>\n\t\t<\/h3>\n\t\t\t\t<div class=\"elementor-post__meta-data\">\n\t\t\t\t\t<span class=\"elementor-post-date\">\n\t\t\t4 A\u011fustos 2022, Per\u015fembe\t\t<\/span>\n\t\t\t\t<span class=\"elementor-post-avatar\">\n\t\t\tYorum yap\u0131lmam\u0131\u015f\t\t<\/span>\n\t\t\t\t<\/div>\n\t\t\t\t<\/div>\n\t\t\t\t<\/article>\n\t\t\t\t<article class=\"elementor-post elementor-grid-item post-535 post type-post status-publish format-video has-post-thumbnail hentry category-android category-bireysel-calismalarim category-modlu-uygulama category-one-cikanlar category-video-calismalarim post_format-post-format-video\">\n\t\t\t\t<a class=\"elementor-post__thumbnail__link\" href=\"https:\/\/furkangunes.com.tr\/blog\/youtube-vanced-yukleme-535\" tabindex=\"-1\" >\n\t\t\t<div class=\"elementor-post__thumbnail\"><img loading=\"lazy\" decoding=\"async\" width=\"300\" height=\"180\" src=\"https:\/\/furkangunes.com.tr\/blog\/wp-content\/uploads\/2022\/07\/youtube-vanced-yukleme-300x180.png\" class=\"attachment-medium size-medium wp-image-540\" alt=\"youtube-vanced-yukleme\" title=\"\" srcset=\"https:\/\/furkangunes.com.tr\/blog\/wp-content\/uploads\/2022\/07\/youtube-vanced-yukleme-300x180.png 300w, https:\/\/furkangunes.com.tr\/blog\/wp-content\/uploads\/2022\/07\/youtube-vanced-yukleme-1024x615.png 1024w, https:\/\/furkangunes.com.tr\/blog\/wp-content\/uploads\/2022\/07\/youtube-vanced-yukleme-768x461.png 768w, https:\/\/furkangunes.com.tr\/blog\/wp-content\/uploads\/2022\/07\/youtube-vanced-yukleme-1536x922.png 1536w, https:\/\/furkangunes.com.tr\/blog\/wp-content\/uploads\/2022\/07\/youtube-vanced-yukleme-150x90.png 150w, https:\/\/furkangunes.com.tr\/blog\/wp-content\/uploads\/2022\/07\/youtube-vanced-yukleme-850x510.png 850w, https:\/\/furkangunes.com.tr\/blog\/wp-content\/uploads\/2022\/07\/youtube-vanced-yukleme.png 1922w\" sizes=\"(max-width: 300px) 100vw, 300px\" \/><\/div>\n\t\t<\/a>\n\t\t\t\t<div class=\"elementor-post__text\">\n\t\t\t\t<h3 class=\"elementor-post__title\">\n\t\t\t<a href=\"https:\/\/furkangunes.com.tr\/blog\/youtube-vanced-yukleme-535\" >\n\t\t\t\tYay\u0131ndan Kald\u0131r\u0131lan YouTube Vanced&#8217;i Y\u00fckleme\t\t\t<\/a>\n\t\t<\/h3>\n\t\t\t\t<div class=\"elementor-post__meta-data\">\n\t\t\t\t\t<span class=\"elementor-post-date\">\n\t\t\t23 Temmuz 2022, Cumartesi\t\t<\/span>\n\t\t\t\t<span class=\"elementor-post-avatar\">\n\t\t\tYorum yap\u0131lmam\u0131\u015f\t\t<\/span>\n\t\t\t\t<\/div>\n\t\t\t\t<\/div>\n\t\t\t\t<\/article>\n\t\t\t\t<\/div>\n\t\t\t\t\t<span class=\"e-load-more-spinner\">\n\t\t\t\t<svg aria-hidden=\"true\" class=\"e-font-icon-svg e-fas-spinner\" viewBox=\"0 0 512 512\" xmlns=\"http:\/\/www.w3.org\/2000\/svg\"><path d=\"M304 48c0 26.51-21.49 48-48 48s-48-21.49-48-48 21.49-48 48-48 48 21.49 48 48zm-48 368c-26.51 0-48 21.49-48 48s21.49 48 48 48 48-21.49 48-48-21.49-48-48-48zm208-208c-26.51 0-48 21.49-48 48s21.49 48 48 48 48-21.49 48-48-21.49-48-48-48zM96 256c0-26.51-21.49-48-48-48S0 229.49 0 256s21.49 48 48 48 48-21.49 48-48zm12.922 99.078c-26.51 0-48 21.49-48 48s21.49 48 48 48 48-21.49 48-48c0-26.509-21.491-48-48-48zm294.156 0c-26.51 0-48 21.49-48 48s21.49 48 48 48 48-21.49 48-48c0-26.509-21.49-48-48-48zM108.922 60.922c-26.51 0-48 21.49-48 48s21.49 48 48 48 48-21.49 48-48-21.491-48-48-48z\"><\/path><\/svg>\t\t\t<\/span>\n\t\t\n\t\t\t\t<div class=\"e-load-more-anchor\" data-page=\"1\" data-max-page=\"3\" data-next-page=\"https:\/\/furkangunes.com.tr\/blog\/wp-json\/wp\/v2\/pages\/953\/page\/2\"><\/div>\n\t\t\t\t<div class=\"e-load-more-message\"><\/div>\n\t\t\t\t\t\t<\/div>\n\t\t\t\t<\/div>\n\t\t\t\t\t<\/div>\n\t\t\t\t<\/div>\n\t\t\t\t\t<\/div>\n\t\t\t\t<\/div>\n\t\t\t\t<\/div>\n\t\t","protected":false},"excerpt":{"rendered":"<p>\u00c7ALI\u015eMALARIM WEBMASTER \u00c7ALI\u015eMALARIM GRAF\u0130K \u00c7ALI\u015eMALARIM V\u0130DEO \u00c7ALI\u015eMALARIM BLOG&#8217;DAN SON \u00c7ALI\u015eMALARIM<\/p>\n","protected":false},"author":1,"featured_media":0,"parent":0,"menu_order":0,"comment_status":"closed","ping_status":"closed","template":"elementor_header_footer","meta":{"footnotes":""},"class_list":["post-953","page","type-page","status-publish","hentry"],"_links":{"self":[{"href":"https:\/\/furkangunes.com.tr\/blog\/wp-json\/wp\/v2\/pages\/953","targetHints":{"allow":["GET"]}}],"collection":[{"href":"https:\/\/furkangunes.com.tr\/blog\/wp-json\/wp\/v2\/pages"}],"about":[{"href":"https:\/\/furkangunes.com.tr\/blog\/wp-json\/wp\/v2\/types\/page"}],"author":[{"embeddable":true,"href":"https:\/\/furkangunes.com.tr\/blog\/wp-json\/wp\/v2\/users\/1"}],"replies":[{"embeddable":true,"href":"https:\/\/furkangunes.com.tr\/blog\/wp-json\/wp\/v2\/comments?post=953"}],"version-history":[{"count":7,"href":"https:\/\/furkangunes.com.tr\/blog\/wp-json\/wp\/v2\/pages\/953\/revisions"}],"predecessor-version":[{"id":1107,"href":"https:\/\/furkangunes.com.tr\/blog\/wp-json\/wp\/v2\/pages\/953\/revisions\/1107"}],"wp:attachment":[{"href":"https:\/\/furkangunes.com.tr\/blog\/wp-json\/wp\/v2\/media?parent=953"}],"curies":[{"name":"wp","href":"https:\/\/api.w.org\/{rel}","templated":true}]}}